Let d(l) = 2*l**3 + 12*l**2 - 30*l + 61. What is d(-7)?
173
Let p(i) = i**3 + 8*i**2 + 14*i + 2. Give p(-3).
5
Let d(l) = -2*l**3 + 5*l**2 - 27*l + 70. What is d(3)?
-20
Let h(v) = 2*v**2 - 149*v + 2188. Determine h(20).
8
Let z(a) = -15*a + 253. Give z(17).
-2
Let r(w) = -6*w + 166. What is r(15)?
76
Let g(f) = 123*f**2 - 486*f - 20. What is g(4)?
4
Let o(d) = 2*d**2 - 80*d + 772. Give o(17).
-10
Let v(t) = -179*t + 842. What is v(5)?
-53
Let g(w) = -w**2 + 68*w - 773. Give g(15).
22
Let y(j) = -4*j**3 - 40*j**2 + 10*j. Calculate y(-10).
-100
Let z(g) = 16*g**2 + 151*g - 64. Give z(-10).
26
Let l(b) = b**2 + 105*b + 398. Determine l(-101).
-6
Let i(o) = -42*o**2 + 76*o + 78. Give i(-1).
-40
Let g(s) = s**2 + 79*s - 2605. What is g(-104)?
-5
Let d(f) = -8*f + 260. Determine d(35).
-20
Let g(w) = -w**3 - 57*w**2 - 47*w + 503. Give g(-56).
-1
Let n(c) = -4*c**3 + 24*c + 46. Determine n(-2).
30
Let s(f) = -2*f**2 - 2*f + 55. Calculate s(-18).
-557
Let l(y) = y**3 + 47*y**2 - 38*y + 510. Determine l(-48).
30
Let b(u) = 45*u + 141. Give b(8).
501
Let o(n) = 4*n + 124. Give o(-37).
-24
Let z(m) = 46*m - 350. Calculate z(7).
-28
Let b(y) = 32*y**2 + 191*y - 67. Calculate b(-6).
-61
Let d(f) = -714*f - 2867. Give d(-4).
-11
Let n(p) = 44*p**2 - 2241*p - 156. Calculate n(51).
-3
Let q(z) = 4*z**2 + 207*z - 257. What is q(-53)?
8
Let m(c) = -3*c**2 - 4*c - 9. Give m(9).
-288
Let q(h) = 16653*h - 16648. Determine q(1).
5
Let c(z) = -z**2 + 1. What is c(-9)?
-80
Let c(k) = 128*k + 4868. Give c(-38).
4
Let g(t) = -57*t**2 - 26*t - 27. Determine g(-1).
-58
Let g(p) = p**3 + 71*p**2 + 26*p + 1836. What is g(-71)?
-10
Let f(s) = 9*s**2 + 588*s - 386. Determine f(-66).
10
Let w(q) = q**2 - 50*q - 331. What is w(56)?
5
Let u(n) = 6*n**2 + 40*n + 70. Give u(-6).
46
Let c(k) = 2*k**2 - 82*k + 314. Determine c(4).
18
Let h(s) = -89*s**3 + 2*s**2 + 8*s - 16. Give h(2).
-704
Let z(i) = -17*i**2 + 2*i + 485. Calculate z(0).
485
Let r(h) = 19*h**2 - 5*h - 16. What is r(-2)?
70
Let s(r) = 4*r**3 - 132*r**2 + 134*r - 200. Determine s(32).
-8
Let v(g) = 30*g + 775. What is v(-27)?
-35
Let f(l) = 3*l**2 - 80*l + 159. Determine f(19).
-278
Let q(u) = -3*u**3 - 14*u**2 + u + 3. Calculate q(-6).
141
Let o(x) = -14*x + 752. Determine o(56).
-32
Let z(l) = 4*l + 392. Give z(-8).
360
Let a(j) = -j**3 - j**2 - 17*j - 14. Determine a(-6).
268
Let w(g) = -39*g**2 + 3703*g + 136. Give w(95).
-54
Let t(r) = 2*r**2 + 3*r + 30. Determine t(-6).
84
Let h(c) = c**3 - 21*c**2 + 48*c - 2145. Determine h(23).
17
Let y(o) = -o**3 + 10*o**2 + 35*o - 241. Determine y(11).
23
Let s(o) = -o**3 + 26*o**2 - 133*o - 2. Give s(7).
-2
Let d(l) = 19*l + 121. What is d(-10)?
-69
Let k(u) = -68*u**2 - 754*u - 61. Determine k(-11).
5
Let m(t) = t**2 + 34*t + 144. Determine m(-5).
-1
Let b(f) = 35*f + 363. Determine b(-10).
13
Let c(p) = p**3 + 4*p**2 - 19*p - 40. Give c(-6).
2
Let s(g) = -g**3 + 38*g**2 + 46*g - 112. Give s(39).
161
Let a(q) = -q**2 - 23*q + 253. Calculate a(-28).
113
Let r(a) = -5*a**3 + 718*a**2 + 289*a - 138. What is r(144)?
6
Let a(f) = -4*f**2 - 32*f + 247. Determine a(5).
-13
Let u(p) = 62*p**2 + 7*p - 6. Give u(1).
63
Let u(d) = 4*d**2 + 56*d - 118. What is u(2)?
10
Let y(g) = -g**2 - 26*g + 974. Calculate y(19).
119
Let a(u) = -3*u**2 + 11*u + 62. Calculate a(-4).
-30
Let i(r) = -18779*r - 131456. Determine i(-7).
-3
Let j(n) = -n**2 + 132*n - 1411. Determine j(12).
29
Let y(h) = 2*h**2 - 12*h + 13. Give y(1).
3
Let b(k) = 388*k - 5821. Give b(15).
-1
Let s(q) = 108*q**2 + 7*q + 25. Calculate s(-2).
443
Let u(r) = -19*r**2 + 175*r + 153. Determine u(10).
3
Let z(r) = 10*r**2 + 43*r - 463. Determine z(5).
2
Let r(s) = 13*s**2 + 2835*s + 219. Give r(-218).
1
Let a(q) = 20*q - 2066. Determine a(76).
-546
Let y(p) = -2*p**2 - 520*p + 3228. Calculate y(6).
36
Let d(k) = k**3 + 11*k**2 - 20*k - 77. What is d(-12)?
19
Let k(g) = g**3 + 22*g**2 + 22*g - 390. Give k(-20).
-30
Let o(r) = -275*r**2 + 6330*r - 25. Give o(23).
90
Let i(z) = 51*z**3 + z**2 - 14*z - 1. What is i(2)?
383
Let c(q) = 126*q + 381. Calculate c(-3).
3
Let k(f) = -336*f - 1992. Calculate k(-6).
24
Let f(u) = 19*u**2 + 3*u - 5. Give f(2).
77
Let p(h) = -h**3 - 20*h**2 - 67*h - 254. Determine p(-17).
18
Let j(v) = 40*v - 767. Calculate j(19).
-7
Let z(g) = 3*g - 47. What is z(1)?
-44
Let u(v) = -136*v**2 + 8977*v - 54. Determine u(66).
12
Let n(i) = -4954*i - 49546. What is n(-10)?
-6
Let n(a) = -a**3 - 7*a**2 - 21*a - 83. Give n(-6).
7
Let y(z) = -2487*z - 12433. Calculate y(-5).
2
Let b(j) = -2*j**2 + 595*j - 9010. Give b(16).
-2
Let f(t) = -t**3 + 9*t**2 - 14*t + 68. Give f(8).
20
Let u(n) = -2*n**2 + 22*n - 65. Determine u(9).
-29
Let t(a) = 427*a + 434. What is t(-1)?
7
Let j(g) = -3*g**2 + 82*g - 681. Calculate j(7).
-254
Let l(k) = 2*k**3 - 8*k**2 + 18*k - 23. Calculate l(2).
-3
Let c(k) = 2*k**3 + 32*k**2 + 8*k - 486. Determine c(-5).
24
Let c(r) = 25*r**2 - 699*r - 31. Determine c(28).
-3
Let y(q) = -q**2 + 14*q - 28. Give y(10).
12
Let n(i) = 2*i**2 - 45*i + 1. Give n(12).
-251
Let w(b) = 31*b - 887. Give w(28).
-19
Let p(v) = -16*v - 410. Give p(-25).
-10
Let i(g) = -116*g - 2430. What is i(-21)?
6
Let f(m) = -10*m**2 + 22*m - 27. What is f(4)?
-99
Let y(q) = -q**3 - 2*q**2 + 36*q + 10. Determine y(7).
-179
Let z(o) = -29*o + 20. Give z(0).
20
Let d(c) = 2*c**2 - 159*c + 3. What is d(0)?
3
Let r(l) = 58929*l + 176784. Give r(-3).
-3
Let d(s) = -s**3 + 11*s**2 + 17*s - 188. Determine d(13).
-305
Let i(z) = -z**2 + 39*z - 54. Give i(35).
86
Let k(a) = -a**2 - 8*a + 154. Calculate k(-15).
49
Let i(k) = -k**3 - 24*k**2 + 61*k + 370. Determine i(-27).
910
Let c(w) = -w**3 + 8*w**2 - 146*w + 1170. Determine c(8).
2
Let p(z) = -67*z**2 - 40*z - 39. Determine p(-1).
-66
Let n(u) = 63*u - 144. What is n(3)?
45
Let x(i) = -2*i**3 + 10*i**2 - 9*i + 5. Give x(5).
-40
Let u(s) = 2*s**3 - 139*s**2 - 70*s + 125. What is u(70)?
125
Let f(u) = 34*u**2 - 278*u + 28. Determine f(8).
-20
Let f(m) = 6*m**2 + 406*m + 49. Calculate f(-67).
-219
Let f(c) = 9*c**3 - 3*c**2 - 7*c - 12. What is f(-3)?
-261
Let h(b) = b**3 - b**2 + 5*b. Give h(-3).
-51
Let k(i) = -2*i**3 + 183*i**2 - 1620*i - 103. Determine k(10).
-3
Let l(v) = 7*v**2 + 527*v + 2586. Give l(-70).
-4
Let s(v) = -v**3 + 4*v**2 + 6*v - 6. What is s(5)?
-1
Let q(k) = 643*k - 7002. Determine q(11).
71
Let g(o) = o**3 - 9*o**2 + 264*o - 3155. Determine g(11).
-9
Let g(h) = -9*h + 44. Determine g(12).
-64
Let f(i) = -i**3 - 165*i**2 + 343*i + 1493. Calculate f(-167).
-10
Let h(x) = 2*x**3 + 106*x**2 + 3*x + 97. Determine h(-53).
-62
Let b(y) = -2*y**3 - 163*y**2 - 2792*y + 85. What is b(-57)?
28
Let a(f) = 86*f + 2850. What is a(-33)?
12
Let t(s) = -9*s - 1. What is t(-23)?
206
Let w(o) = 19*o**2 + 101*o + 2. Give w(-7).
226
Let x(y) = 45*y + 467. Determine x(-10).
17
Let m(l) = 6*l**2 - 22*l. Give m(3).
-12
Let y(h) = -2*h**2 + 77*h - 533. Give y(9).
-2
Let a(u) = -64*u - 933. Determine a(-7).
-485
Let d(y) = -y**2 + 11*y + 515. What is d(-14)?
165
Let m(r) = -72*r**2 - 986*r + 302. Calculate m(-14).
-6
Let v(l) = 4*l**2 + 50*l + 224. What is v(-10)?
124
Let f(u) = 1085*u - 18445. Calculate f(17).
0
Let z(d) = -157*d + 209. Calculate z(4).
-419
Let i(a) = 3*a**3 + 74*a**2 - 72*a - 2. Give i(1).
3
Let x(h) = h**2 - 39*h + 78. Calculate x(2).
4
Let k(u) = u**2 + 32*u + 270. What is k(-20)?
30
Let d(o) = -o**3 + 18*o**2 - 83. Determine d(0).
-83
Let l(s) = 2*s**3 - 151*s**2 + 68*s + 769. Determine l(75).
244
Let u(q) = -q**3 - 7*q**2 + 63*q + 7. Give u(-11).
-202
Let t(m) = 4*m**2 + 157*m - 288. Give t(-41).
-1
Let v(d) = d**3 - 15*d**2 + 40*d + 28. Determine v(6).
-56
Let c(s) = 864*s - 6906. Calculate c(8).
6
Let a(w) = -25*w**2 + 4*w - 17. Calculate a(3).
-230
Let u(p) = -94*p + 2938. Calculate u(31).
24
Let o(i) = -4*i**3 + 11*i**2 - 13*i + 7. Give o(3).
-41
Let q(l) = l**3 + 13*l**2 + 13*l + 30. Determine q(-12).
18
Let l(h) = -6*h**2 + 484*h + 3112. What is l(-6)?
-8
Let w(v) = -110*v + 13. Calculate w(3).
-317
Let i(b) = -b**3 - 282*b**2 - 14838*b + 434. What is i(-212)?
10
Let j(h) = 25*h**2 + 1455*h + 2911. Give j(-2).
101
Let l(q) = 8*q**2 + 50*q - 46. Determine l(-8).
66
Let v(g) = -20*g - 17. What is v(5)?
-117
Let c(a) = -2488*a - 9971. Give c(-4).
-19
Let d(t